*3 - 3*h**2 - 5*h. Determine r(-4).
2
Let i(v) be the second derivative of v**6/120 - v**5/30 - v**4/24 - v**2 - 2*v. Let y(b) be the first derivative of i(b). Give y(2).
-2
Let x(m) = -2*m**3 + 13*m**2 - 5*m + 4. Let w(b) = b**3 - 6*b**2 + 2*b - 2. Let l(p) = -5*w(p) - 2*x(p). Determine l(3).
11
Let l be 1*-1*(-4 + -1). Suppose -3 = -b - 2. Suppose -l*o - 16 = -i + b, 8 = i - 2*o. Let a(q) = q**2 - 2*q + 2. Calculate a(i).
2
Suppose 3*s - 5*q = 18, 4*q - 2*q + 10 = 4*s. Let p = 3 + s. Suppose 0*t - p = -t. Let y(i) = i - 1. Determine y(t).
3
Let u(r) = 13*r**3 - 11*r**2 - 11*r - 5. Let w(p) = -9*p**3 + 7*p**2 + 7*p + 3. Let n(x) = -5*u(x) - 8*w(x). Determine n(1).
6
Let d(w) = w**3 - 3*w**2 + 7*w - 8. Let q(l) = 2*l**3 - 5*l**2 + 14*l - 17. Let z(b) = -7*d(b) + 3*q(b). What is z(5)?
-5
Suppose -p - 12 = -5*p. Let q = p + -4. Let m(h) = 4*h**3 - h**2 - 6. Let j(c) = -4*c**3 + c**2 + 5. Let s(z) = 6*j(z) + 5*m(z). Determine s(q).
5
Let y(z) = -3*z - 2*z**2 + 2*z**2 + z**2 + 1. Let x be -1 + -1 - (1 + 1). Let t(d) = 2*d**2 - 7*d + 3. Let v(q) = x*t(q) + 9*y(q). Calculate v(-3).
3
Let y(c) = -c**2 + 2*c + 6. Let i be 20/50 - (-23)/5. What is y(i)?
-9
Let k(u) = u**3 - 8*u**2 + 7*u - 6. Let s = 50 + -36. Suppose -5*j = -3*j - s. What is k(j)?
-6
Suppose 9*h = 4*h + 15. Suppose 2*j = h + 7. Let k(p) = 3*p**3 - p**2 + p - 2*p**3 - 4*p**2 - 1. Give k(j).
4
Let v(m) = m**2 + 4*m - 3. Let z(l) = l + 9. Let t be z(-15). Give v(t).
9
Let p(u) = u - 15. Let j be p(11). Let l(d) = 3*d**3 + 5*d**2 + 2*d - 2. Let a(k) = -10*k**3 - 15*k**2 - 5*k + 5. Let f(m) = -2*a(m) - 7*l(m). Determine f(j).
4
Let m(h) = -h**2. Let w = -40 + 27. Let k = w - -8. Let r = 3 + k. Give m(r).
-4
Suppose -2*o + o = -1. Let a(l) = -2 - 1 - 2*l - o. Give a(-5).
6
Suppose 4*g - 11 = 3*q, 0 = -q - 1. Let a = g + -3. Let p(o) = -3*o - 1. Determine p(a).
2
Let j(l) = l**2 - l. Let b(a) = -7*a**2 + 3*a + 4. Let x(d) = -b(d) - 6*j(d). What is x(-5)?
6
Let k(b) = 7 - 3*b**3 + 7*b + 0*b**3 + 2*b**3 - 5*b**2. Let r = 16 - 22. Calculate k(r).
1
Let v(r) = -11*r**2 + 2*r + 4*r**2 - 3*r. Determine v(-1).
-6
Let i(f) = -f + 1. Suppose 6*k = 2*x + 3*k - 15, -4*x = -k - 45. Let n = -8 + x. Give i(n).
-3
Let z(o) = 5*o - 6. Suppose -m + 3*m = -5*d + 15, 3*d = 4*m + 35. Let p = -1 - m. Determine z(p).
14
Suppose -4*a + 46 = 5*m - 0*a, 5*a = -2*m + 32. Let q(n) = n**2 + 1. Let s(o) = o**3 + o**2 - 14 - 2*o**3 + o - o**2. Let z(f) = 6*q(f) + s(f). What is z(m)?
-2
Let i(j) = 2*j + 5 - j + 0*j. Let v = -18 - -21. Suppose -4*h = -a + 8, -3*a + 10 = v*h + 31. What is i(a)?
1
Let j(c) = 2*c + 4. Let q be j(3). Suppose f - 2*h + 5 = -h, -2*h = 5*f - q. Let i(w) = w - 4. Calculate i(f).
-4
Let j(z) = 2*z**2 + z. Let w be j(-1). Let q(h) = 115*h**2 + w + 4*h + 0 - 116*h**2. Calculate q(3).
4
Let i(w) = -2*w**3 - 3*w**2 - 2*w - 3. Let g be i(-2). Suppose g = -3*p - 1. Let m(y) = 3*y**2 + 3*y. What is m(p)?
6
Let o(y) = -2*y + 14. Let z be (-6)/1 + (0 - -1). Suppose -5*b - 6*h + 2*h + 28 = 0, -4*b = 2*h - 26. Let q(n) = -n + 9. Let p(c) = b*q(c) + z*o(c). Give p(-4).
-6
Let a(j) = 4*j**3 + 0*j**3 - 1 + 2*j**2 - 7*j**3. Determine a(1).
-2
Suppose 0 = -j + n - 5, 5*j = 3*n - n - 10. Suppose v + 4 = -j*v. Let u(t) = -t**3 - 6*t**2 - 6*t - 6. Calculate u(v).
-14
Suppose -i + 3*d = 13, 0 = d + d - 10. Let h(a) = 260*a + 1 - 519*a + 262*a. What is h(i)?
7
Let j(v) = 3*v**2 - 2*v - 8. Suppose -h = -5*s - 11, -4*s - h + 0 = 16. Let z(k) = 2*k**2 - 3*k - 7. Let y(i) = s*j(i) + 4*z(i). Determine y(-5).
1
Let s(c) = -c**2 + 7*c - 7. Suppose 18 - 5 = x. Let v = -7 + x. Calculate s(v).
-1
Let h(c) = -c + 1. Let b = -15 - -21. Let p = -2 + b. Determine h(p).
-3
Let k(x) = -7*x**2 + 11*x - 8. Let n(s) = -3*s**2 + 6*s - 4. Let i(u) = 2*k(u) - 5*n(u). Calculate i(5).
-11
Suppose 0 = -4*y - h - 29, -5*h = -4*y - y - 30. Let f = y - -10. Suppose -f*k + 15 = 2*k. Let l(b) = -b**3 + 2*b**2 + 3. Give l(k).
-6
Let z(v) = 0*v + v + 7 - 3. Let f be z(-4). Let j(n) = -4 - n + 2 + f + 3. What is j(-5)?
6
Let z(c) = c - 1. Let g be z(4). Let m(r) = 3 + 2*r - r + g. Give m(-4).
2
Let n(v) = v. Let l(o) = -9*o + 3. Let c(r) = l(r) + 6*n(r). What is c(4)?
-9
Let g(k) be the second derivative of -k**4/8 + 4*k**2 - 10*k. Let m(l) be the first derivative of g(l). Determine m(-4).
12
Let k = -14 - -17. Let v(r) be the second derivative of r**6/720 - r**5/24 - r**4/12 - 2*r. Let t(f) be the third derivative of v(f). Determine t(k).
-2
Let u(h) = -h + 4. Let n(x) = x - 9. Let m(a) = -2*n(a) - 5*u(a). Let g be m(2). Let w(y) = -2*y + 6 + 2*y**2 - g + y**3 + 5*y. Calculate w(-2).
-4
Let d(x) = -x**3 - 7*x**2 - 5*x + 1. Let s = 0 - 9. Let t be 21/s - (-4)/(-6). Let u be 2 + 24/t + 0. Determine d(u).
-5
Let m(c) = -2*c - 2. Let p(u) = u**2 + u + 2. Suppose v = h - v - 2, -4 = 4*v. Let t be p(h). Determine m(t).
-6
Let h(p) = 4*p**2 - 2*p - 1. Let g(c) = 5*c**2 - 2*c. Suppose -4*z - 9 - 7 = 0. Let q(a) = z*h(a) + 3*g(a). What is q(4)?
-4
Let t(h) = -4*h**2 - 10*h + 4. Let f(g) = 3*g**2 + 9*g - 3. Let q(u) = -5*f(u) - 4*t(u). Give q(6).
5
Let b(d) = -d**3 - d**2 - d. Let t(x) = 8*x**3 + x**2 + x - 1. Let v(a) = -a - 8. Let s be v(-6). Let m(u) = s*b(u) - t(u). Give m(-1).
7
Let c(r) = -r + 13. Let y(w) = 5*w - 53 + 0*w + 2. Let u(t) = 9*c(t) + 2*y(t). Calculate u(0).
15
Let z(r) be the third derivative of r**5/20 - r**3/6 + r**2. Let h = 55 - 53. Calculate z(h).
11
Let t(s) = s**3 + 5*s**2 - 7*s - 6. Let x(a) = -5*a**3 - a**2 - a + 1. Let z be x(1). Give t(z).
0
Suppose 5*o + c - 15 = 0, -6*o - 6 = -8*o + 3*c. Let h(k) be the second derivative of 0 + 1/6*k**o + 1/2*k**2 - 4*k. What is h(3)?
4
Let k be -6*(-1 - 3)/(-4). Let y(q) be the second derivative of 3/2*q**2 - 3*q + q**3 + 1/20*q**5 + 7/12*q**4 + 0. Calculate y(k).
3
Let r(k) be the second derivative of -k**3 + k**2/2 - k. Let d(m) = -6*m + 1. Let u(j) = 4*d(j) - 5*r(j). What is u(1)?
5
Let y(o) be the third derivative of o**5/60 - o**4/24 - o**3/3 + 5*o**2. Give y(-3).
10
Let c = 77 + -81. Let g(u) = 5*u + 4. Let n(t) = -t - 1. Let h(w) = g(w) + 3*n(w). What is h(c)?
-7
Let a(m) = 14*m - 1. Let i(s) be the third derivative of 0*s + 0*s**3 + 5/24*s**4 + 0 - 3*s**2. Let w(f) = -4*a(f) + 11*i(f). Give w(3).
1
Let c(f) = -2*f + 6. Suppose 5*r = 17 + 3. Let h be r/2 + (-10)/1. Let t = -3 - h. Determine c(t).
-4
Let g(j) = -j**2 + 5*j + 6. Let a(p) = -p**2 + 9*p - 13. Let s be a(5). Determine g(s).
-8
Let p be 42/8 - (-4)/(-16). Let s be -3*1*7/7. Let t(r) = 2*r + 4. Let z(d) = -3*d - 4. Let v(q) = s*z(q) - 4*t(q). Give v(p).
1
Let q = -12 - -17. Let f(w) = -w**3 + 6*w**2 - 3*w - 7. What is f(q)?
3
Let w(v) = v**2 + 10*v. Let u be w(-10). Let x(t) = 5 - 5 + u - t**2 - 4. Suppose -s = -4*r + 3, 4*s = -5*r - 7 - 5. What is x(r)?
-4
Let u(p) = p**3 + p + 9. Let m = 2 - 3. Let h be m/4 + (-1)/(-4). Calculate u(h).
9
Suppose 0*a + 2*a - 18 = 0. Let t = 15 + -39. Let j be (6/4)/(a/t). Let m(z) = -2*z - 5. What is m(j)?
3
Let j(n) be the first derivative of 3*n**4/2 - n**3/3 + n - 39. Let b be 2 + (-3)/1 + 0. Give j(b).
-6
Let o(u) = -u**2 + 7*u + 10. Let s be o(8). Suppose 5 - 11 = -s*p. Let n(b) = -b**2 + 4*b - 1. Calculate n(p).
2
Let a(x) be the second derivative of x**4/3 - x**3/3 + 21*x. What is a(2)?
12
Let i be ((8 - 4) + -5)*-6. Let r(y) = y**3 - 6*y**2 - y + 5. Give r(i).
-1
Let n(d) = -14*d - 20. Let t(y) = -5*y - 7. Let b(x) = -4*n(x) + 11*t(x). Suppose 5*k + 20 + 35 = 4*h, 3*h + 13 = -4*k. Let l = -7 - k. Determine b(l).
3
Let w = 9 + -3. Let j(f) = w*f + 0 - f + 1. Let p = 0 - -1. Give j(p).
6
Let f(l) = -2*l - 2 + 3*l + 0*l. Let t be f(5). Let v(h) = 2*h**2 - 5*h + 4. Determine v(t).
7
Let u(d) = 2*d**2 - 2*d + 1. Suppose -2*m + 20 = -n - 0, 0 = -5*n. Let a be -2*1*m*-1. Suppose -4*s = -a, 6*s = -3*f + s + 28. What is u(f)?
1
Let f = -3 - -8. Suppose -2*x + 3 = f. Let b(c) = 2*c. Determine b(x).
-2
Let u(j) = -j**2 - 3*j + 1. Suppose -2*f = -5*d + 12, 0*d = -f + d - 6. Calculate u(f).
-17
Let f(k) = -9*k - 1. Let v = 70 - 69. Give f(v).
-10
Let g(s) = s**2 - 3. Let j = -11 + 11. Determine g(j).
-3
Let t = -8 - -3. Let c be (8/t)/(4/(-10)). Let l(p) = -p**3 + 3*p**2 + 3*p + 1. Calculate l(c).
-3
Let q = -1 + 1. Suppose q = -4*y + 2*y. Let j be 0 - (y/1 + 1). Let z(l) = 4*l**2 - 2*l - 1. C